ose -3*x - 10 = -2*x. Let h be (0 + -2)/(5/x). Suppose -h = -4*m + 3*m. What are the prime factors of m?
2
Let a = 516 - -774. List the prime factors of a.
2, 3, 5, 43
Let m(s) = -s**3 - s**2 - 6*s + 3. Let h be -56*3/27 + 4/18. What are the prime factors of m(h)?
3, 73
Let q(l) = -4*l + 20. Let f be q(-3). Suppose -2*z + 3*z = -2*w + f, 5*w = z - 67. What are the prime factors of z?
2, 3, 7
Let z(c) = c**2 + 6*c - 6. Let k be z(-7). Let o be -2 - (-1)/k*4. Suppose -o*n + 92 = 2*n. List the prime factors of n.
23
Let p(v) = -2*v - 10. Let f be p(-7). Suppose f*a + 239 = 5*i, 0*a - 8 = -2*a. What are the prime factors of i?
3, 17
Suppose 3*g - 23 = 2*h, -3*h - h = -3*g + 31. Suppose c = 0, 3*q - 32 = g*q - 2*c. List the prime factors of (-348)/q + (-1)/(-4).
2, 11
Let f be -1 + -1 - (110 + -3). Let o = -22 - f. What are the prime factors of o?
3, 29
List the prime factors of (-21189)/(-27) - (-3 + (-150)/(-54)).
5, 157
Let r(m) = -3*m + 1. Let j be r(-1). Suppose j*d - 494 = 5*b, -4*d + 0*b + 506 = b. Suppose -n + 5*n = 2*o - 138, 2*o - n = d. List the prime factors of o.
61
Let b(g) = -g**3 - 2*g**2 - 3*g - 1. Let c be b(-2). Suppose -6*s + 69 = -c*s. List the prime factors of s.
3, 23
Let v(n) = 2*n - 16. Let s be v(8). Suppose s = 8*p + 151 + 513. Let y = 140 + p. List the prime factors of y.
3, 19
Suppose -1877 = 9*u - 8798. List the prime factors of u.
769
Let f(i) = 2*i**2 + 41*i - 232. List the prime factors of f(6).
2, 43
Let u(x) = -19*x + 135. What are the prime factors of u(-3)?
2, 3
Let d(s) = 2*s - 12. Let m be d(8). Suppose c - 16 = 3*c + m*y, 5*y = -3*c - 22. List the prime factors of ((-48)/30)/(c/30).
2, 3
Suppose 12*n - 11737 = -2173. List the prime factors of n.
797
Let n = -55 + 27. Suppose 5*q + 90 = -0*q. Let x = q - n. What are the prime factors of x?
2, 5
Suppose 68 = -11*j - 97. Suppose 4*i = 185 - 21. Let y = i + j. List the prime factors of y.
2, 13
Let c be (-1 + 6/8)*-4. List the prime factors of (-1 - c)/((-5)/20).
2
Suppose -4902 + 45 = -v. List the prime factors of v.
3, 1619
Suppose 0 = -t - q - 4 + 1, -3 = -t - 3*q. List the prime factors of (-1968)/(-66) + t/(-33).
2, 3, 5
Suppose 6454 = 8*i - 10178. List the prime factors of i.
3, 7, 11
Let v be (-13)/(4*(-1)/(-12)). Let p = -88 - v. What are the prime factors of p/(-5) - 5/(-25)?
2, 5
Suppose 10*h - 9 - 111 = 0. Suppose u = -h*u + 2002. List the prime factors of u.
2, 7, 11
What are the prime factors of (-1714)/(-4) + (8 - (-102)/(-12))?
2, 107
Let p(k) = 248*k**2 - 4*k - 5. Let r be p(-1). Suppose -3*b + 3*l + r + 32 = 0, 4*b - 3*l - 369 = 0. List the prime factors of b.
2, 3, 5
Let h = 5 - 3. Let n be -61 + (0 - h) + -2. List the prime factors of (-2 + n)/(-1) - 4.
3, 7
Let z = 2 + 6. Suppose -z*v = -4*v - 144. Let x = v - 4. What are the prime factors of x?
2
Suppose r + 0 = 6. What are the prime factors of r/9 + 4/3?
2
Let k(m) = 2*m**3 - 33*m**2 - 18*m + 27. Let r be k(17). Suppose -r*f = -13*f + 192. List the prime factors of f.
2
Let m(g) = g**3 - g**2 - g + 2. Let v be m(0). Suppose 53 - 191 = -v*a. List the prime factors of a.
3, 23
Let x(s) be the first derivative of 15*s**2/2 - 13*s - 14. What are the prime factors of x(18)?
257
Let j(y) = 68*y**2 - 2*y - 2. Let z be (-3 + 16/6)*3. What are the prime factors of j(z)?
2, 17
Suppose 4*p = -5*f - 447, -2*f + 56 = -2*p - 154. Let w(a) = a**3 - 10*a**2 - 7*a + 23. Let c be w(10). Let d = c - p. List the prime factors of d.
61
Suppose -99*t = -96*t - 2022. List the prime factors of t.
2, 337
Suppose -4*d - 40 = -14*d. What are the prime factors of (694/d)/(6 - (-11)/(-2))?
347
Let d(c) = 60*c**2 - c + 1. Let t be d(-2). Suppose 5*f + 0*f - 260 = -5*g, 3*f = 4*g - t. What are the prime factors of g?
3, 19
Let p(n) = -n**2 + 3*n + 2. Let u be p(3). Suppose -99*c + 94*c = -20. Suppose 0*k = 2*k + c, -u*h + 130 = 3*k. What are the prime factors of h?
2, 17
Let b = -92 + 370. List the prime factors of b.
2, 139
Let y(a) = 3 - 7*a + 0*a + 9*a. Let d be y(-5). What are the prime factors of (-663)/(-119) - (-4)/d?
5
Let s = -7 - -11. Let y(x) = -s*x - 2*x**2 - 3*x + 10 - 4 + 4*x**2. What are the prime factors of y(5)?
3, 7
Suppose -11*i = 3*i - 1036. List the prime factors of i.
2, 37
Suppose -3*u - 1611 = 4*n, -3*n + u + 404 = -4*n. Let b = 696 + n. What are the prime factors of b?
3, 11
Suppose 48*d - 12*d = 128412. What are the prime factors of d?
3, 29, 41
Suppose -11*g + 4236 = g. List the prime factors of g.
353
Let w be (4 + -6 - 1) + -72. Let v = -11 - w. List the prime factors of v.
2
Let a = -2404 - -4033. List the prime factors of a.
3, 181
Let m be 612/27 - 2/(-6). Let i = m + -11. Suppose -z = -2*y - 39, 0 = -2*y - 2*y + i. List the prime factors of z.
3, 5
Suppose -1518 = -241*o + 235*o. What are the prime factors of o?
11, 23
Suppose 4*l = 3*y - 396 - 1468, 0 = -y + 5*l + 614. List the prime factors of y.
2, 3, 13
Suppose 3*j - j + 10 = -4*r, j = -5*r - 2. Suppose 3*a + 7 = 4*t, -2*a = -0*t + t + 12. List the prime factors of t - -2 - j/1.
7
Suppose -3*p - 1 + 16 = 0. List the prime factors of p.
5
Let c = -123 - -113. What are the prime factors of (2068/110)/((-2)/c)?
2, 47
Suppose a + 0*a = -2. Let l be (51 - 2)*(1 + a). Let q = l - -69. What are the prime factors of q?
2, 5
Suppose 7 - 3 = d. What are the prime factors of 12/(-4) + d + 49?
2, 5
Let b = 146 - 85. Suppose -v - k - b = 0, 4*v + 2*k + 238 = 4*k. Let l = 92 + v. What are the prime factors of l?
2
Let x = 11 + -10. Suppose -y + 2 + x = 0. What are the prime factors of (-46*y/6)/(-1)?
23
Let t = 264 + 2373. What are the prime factors of t?
3, 293
Suppose 4*k + 36 = -2*h, -3*h = k - 4*k + 54. Let d = 86 + h. What are the prime factors of d?
2, 17
Let l(p) = -p**2 + 8*p - 9. Let g be l(6). Suppose 5*s = -2*n - g*n - 5, s = -3*n - 3. List the prime factors of (-3)/n + (-7 - -19).
3, 5
Suppose -2*l + 5*m = -21 - 3, m + 14 = 5*l. Suppose h = -l + 83. List the prime factors of h.
3
Suppose o + 420 = 5*t - 0*o, -4*o + 312 = 4*t. What are the prime factors of t?
83
Let m = -90 + 133. List the prime factors of m.
43
Suppose -1079*l + 1065*l + 24738 = 0. What are the prime factors of l?
3, 19, 31
Let t be (-10 - -14)*(-2)/((-8)/178). Suppose -t = -2*q - 34. What are the prime factors of q?
2, 3
Let r = -22 - -66. List the prime factors of r.
2, 11
Let i(z) = 8*z + 2. Let l(q) = -q**3 + 14*q**2 + 2*q - 8. Let d be l(14). Suppose u + 4*u - d = 0. What are the prime factors of i(u)?
2, 17
Suppose 4864 = 17*z + 750. List the prime factors of z.
2, 11
Let a(u) = 66*u**3 + 10*u - 24. What are the prime factors of a(2)?
2, 131
Let m be 0*(6/4)/(-3). Let w = m - 1. What are the prime factors of ((-5)/3 + w)*-24?
2
Suppose 9556 = 20*l - 4184. List the prime factors of l.
3, 229
Suppose -p = -3*p + 1232. What are the prime factors of p?
2, 7, 11
Suppose -135 = 12*l + 1773. Let a = l - -449. List the prime factors of a.
2, 5, 29
Suppose 0 = 4*j + 3*u - 1144, 2*u = -3*j - 0*u + 858. What are the prime factors of j?
2, 11, 13
Suppose -s + i - 6*i - 18 = 0, i + 3 = 0. Let f(n) = 6*n**2 - 1. List the prime factors of f(s).
53
Suppose -x - 3 = -0*l - 5*l, 2*l = x. Let a(n) = -7*n**3 - n**2 + 1. Let f be a(l). Let o = f - -12. What are the prime factors of o?
5
Let i(s) = -7*s - 5. Let z be i(-4). Let t = z + -19. List the prime factors of (t - 3)/1*8.
2
Suppose m + f = -m + 107, 109 = 2*m - f. Suppose -176 = -4*q + 4*b, 2 - m = -q - b. What are the prime factors of q?
2, 3
Let h be (-507)/(-27) - 4/(-18). Suppose 2*f - 2*k + h = 3*f, 100 = 4*f + 2*k. Suppose -u = -3*l - 0*u + f, 0 = 2*l - 4*u - 18. What are the prime factors of l?
3
Let c = -2 + 6. Suppose -c*p + 396 = -4*v, -98 + 5 = -p + 4*v. What are the prime factors of p?
101
Let l be (2*6/(-30))/(2/(-20)). Suppose l*j - 269 - 127 = 0. List the prime factors of j.
3, 11
List the prime factors of (188/141)/(1/855).
2, 3, 5, 19
Suppose 4*r = -0*r + 1900. What are the prime factors of r?
5, 19
Let f = 2651 + -1185. What are the prime factors of f?
2, 733
Suppose 13*t - 4*t = 1377. What are the prime factors of t?
3, 17
Suppose 3*n + 27 - 18 = 0, -5*d + 2*n + 8016 = 0. List the prime factors of d.
2, 3, 89
What are the prime factors of ((-7184)/28)/(2/(-7))?
2, 449
Suppose 25 = 2*y + 15. Suppose 0 = -22